 -9 - -23) + -4 + -5?
23
What is the value of 5 + -7 - 3 - (-11 + 26 + 3)?
-23
What is the value of -10 + (19 - -32) - 34?
7
What is the value of 11 + ((-2 - -12) + -19 - 11)?
-9
40 - 82 - (-2 + -3 + -2 + -4)
-31
Evaluate 22 + -22 + -2 + 15.
13
-3 + -7 + 14 - (22 + (3 - 5))
-16
Calculate 2 - (-6 + 0) - (-13 - -9).
12
What is the value of 1 + 8 + 24 + -27?
6
13 - (3 - -3) - 2 - 0 - 6
-1
What is -4 - (17 + -25 - -11)?
-7
Evaluate (-12 + 46 + 6 - 8) + -14.
18
Evaluate -2 - (22 - (12 + 10)).
-2
Evaluate 19 + 23 + -4 + -31 + (3 - 0).
10
What is the value of 1 + -11 + 12 + -8 + 0?
-6
30 + (5 - (48 + -24))
11
What is the value of 12 + (-15 - (0 - -3))?
-6
What is (-13 + 25 - -10) + (-5 - 1) + -2?
14
Calculate 17 - ((-23 - 14) + 63).
-9
5 + (2 - (1 - 2) - 1)
7
-3 + -3 + 3 - (-70 + 63)
4
12 + (0 - 6 - (9 + -15))
12
-5 - (-4 - (-3 + 2) - (-5 + 8))
1
What is -38 - (11 - 16) - -26?
-7
(-7 - 2) + -3 - -20
8
Calculate 14 + -2 - (4 + 9).
-1
Calculate -3 + (-4 + 0 - -7) + 0 + 24.
24
Evaluate 1 - -17 - (-18 + (61 - 4)).
-21
What is the value of 16 + 7 + (-11 - 17)?
-5
What is -3 + 44 + (-433 - -393)?
1
What is the value of 5 + 0 + 157 + -157 - (-6 - -2)?
9
(4 - 13) + (28 - 13) + 3
9
What is 0 + 0 + (-21 - -27) + (0 - 0)?
6
Calculate 2 - -36 - (19 + -62 - -60).
21
Calculate (-33 - -27) + -17 + 9.
-14
Calculate -41 - -50 - (17 + 1).
-9
Calculate -22 - (-2 + -30 + -3).
13
-2 - (-8 - -22 - (-6 - -15))
-7
Calculate (-3 - 0) + (25 - (11 + -3) - 4).
10
Evaluate 15 + 27 + -49 - (-27 + 1).
19
What is the value of -11 + (-22 - -77) - 23?
21
Calculate (-23 - -47) + (36 - 82).
-22
Evaluate -19 + 14 + (-2 + 7 - 5) + -3.
-8
-1 + -1 + (-8 - (-8 + -8))
6
-1 + 1 + (-298 - -287) + -1 + 27
15
What is the value of (-4 + -8 - -1) + 22?
11
What is 8 + (5 - (2 + -4 - (-24 + 20)))?
11
74 - 73 - (-18 + -2)
21
Evaluate 9 - (3 - (22 + 0 + 2) - -6).
24
What is 9 - (-37 - (12 + -37 + 19))?
40
-5 - (-9 + 4 + 3)
-3
Evaluate 182 + -183 - (-4 + -11).
14
-5 + 16 + -3 - (-15 - -4)
19
Evaluate 6 + (3 - (23 + (10 - 12))).
-12
-3 + 11 + -27 - (-15 - -1)
-5
28 + (21 - (-9 + 40))
18
(-37 - -6 - -17) + 17
3
Calculate (23 - -2) + 51 + -37 + -26.
13
-1 + (1 - 1) + -4 + (-20 - -41)
16
What is the value of 3 + (1 + (6 - 5) - 6) + -15?
-16
Calculate -1 + -4 + -2 - (-25 - -9 - -10).
-1
Calculate -27 + (11 - 5) + 12.
-9
What is -1 + -3 + -4 + (-6 - -24) + 2?
12
What is the value of -14 + 2 + 1 + -1 + 2 + 1?
-9
(15 - (21 - 3)) + (2 - 0) + -2
-3
What is 6 + 5 - (25 + -16)?
2
What is (-3 + (-2 - -5) - 2) + 4 + -7?
-5
What is -16 + (-27 + 3 - (-131 - -116))?
-25
Evaluate (37 + -20 - -21) + -29.
9
Evaluate 9 + 8 + -42 + 19.
-6
What is 28 + (9 - 17) + -3?
17
What is the value of -5 - 14 - (3 + -5 + 13)?
-30
What is the value of (4 - 6) + 8 + -19 + 31?
18
Calculate 11 + -6 + -1 - 14.
-10
Evaluate -55 - (-3 + -19 - -16 - 12).
-37
21 + -39 + (10 - 15 - -5)
-18
What is 3 + -7 + 2 - -1 - (-34 + 64)?
-31
What is the value of 11 + 0 + 34 + -4 + -19?
22
206 - 203 - (3 + -25)
25
Calculate 3 - (-10 + 19 - (1 - (5 - 9))).
-1
Calculate (-14 - 1) + -1 + 27 + -40.
-29
What is the value of -11 + (25 - 3) + 0?
11
What is -34 - (-49 + -9 + 6)?
18
What is the value of -14 - -12 - ((-2 - 0) + (-13 - -18))?
-5
What is -6 - (-1 + -11) - (-1 - (-12 - 5))?
-10
Calculate (-7 - (2 + -5)) + 8 - 14.
-10
(-1 - -4) + (-12 - (-27 + 13) - 13)
-8
What is the value of -12 + -4 - -22 - (1 + 0)?
5
What is -33 + 9 + -5 - (-8 - 0)?
-21
Calculate 8 - 0 - (6 + -20 + 15).
7
Evaluate 6 + -18 + 8 + -5 + -2.
-11
4 + -8 + 7 + (4 - 3)
4
What is the value of 2 + 15 + -27 - -5?
-5
15 + -18 + (-4 - 0) + 24
17
Calculate -16 + (12 - 13) + 4.
-13
What is the value of 3 + (6 - 8) + -4 + 3 + 6?
6
Calculate (12 + 5 - 1) + (1 - 30).
-13
What is the value of 10 - (-18 + 27 - (3 + 5 + -7))?
2
15 - 23 - (3 - 18)
7
Evaluate -1 + -3 + -5 + 1 + -6.
-14
What is (-6 - -13) + -6 - 1 - 9?
-9
Calculate (5 - (-11 - -30)) + 33.
19
Evaluate -7 - ((29 - 28) + (3 - 1) - 25).
15
Calculate 4 + 2 + -29 + -4 + 15.
-12
Evaluate (22 - 49 - -25) + (13 - 2).
9
What is -14 - (11 + (-10 - -11) + -2)?
-24
5 + (-39 - -37) - (-13 - 1)
17
What is -120 + 100 + (2 - 1)?
-19
4 + -3 + -21 - -16
-4
What is -4 + 7 + (-4 - -1) - (10 + -14)?
4
What is 45 + -21 + 7 + -19?
12
12 - (-2 + -2) - ((0 - -3) + -6)
19
-8 + -2 + 23 - (2 - (-2 - -2))
11
Calculate 8 + -2 - (-44 + 52).
-2
What is -16 + -14 + 21 - (-1 + -11)?
3
What is 0 + -5 + (6 - (-12 - (-8 + 3)))?
8
What is -13 + 18 - (-8 + 15 + 4)?
-6
What is the value of (160 - 145) + (-15 - -1)?
1
What is (17 - 9 - 2) + -7 + 1 + -20?
-20
Evaluate (174 - 169) + 3 + -3.
5
-7 + (15 - 4) - (9 - -6)
-11
What is the value of (-18 - 6) + (19 - -13)?
8
What is the value of -11 + 34 + -10 + -2?
11
Calculate -14 - ((2 - 3) + 12 + -5 + -2).
-18
Calculate (116 - 117 - (1 - -1 - -2)) + -12.
-17
(5 - 2) + -69 + 120 + -64
-10
Evaluate (-719 - -679) + 14 + -1.
-27
-24 - (20 - 15) - -15
-14
Evaluate 6 - -4 - (50 - 13) - 3.
-30
What is the value of 2 - -3 - (-12 - 1) - (2 + 4)?
12
Evaluate (7 - (-34 - -24)) + -5.
12
(1 - 8) + (12 + 6 + -12 - 5)
-6
Evaluate 7 - (2 + -2) - (-31 + 47).
-9
-11 - (2 + -8) - (7 + -34)
22
What is -9 + (5 - -4 - -2)?
2
-1 - -18 - -3 - 30
-10
(1 - -20) + 29 + -35
15
What is -15 - 3 - (-9 + 15 + -11)?
-13
(-1906 - -1904 - (-1 + (0 - -8))) + -1
-10
What is 2 + (-5 - -7) + 1 - -4?
9
What is the value of -32 - ((-2 - 5) + -7)?
-18
What is (-3 - (1 - -2)) + 5 + 20?
19
Calculate (24 + -4 - (68 - 67)) + -14.
5
What is 43 + -52 - ((2 - (0 + 1)) + 27)?
-37
What is -9 - ((-8 - (10 - (-10 - 8))) + 1)?
26
What is the value of (-2 - -1 - -2) + (-6 + 2 - -17)?
14
What is the value of 0 + 4 - (-2 + 3) - (14 - 16)?
5
Calculate 0 + -2 + 370 + -353.
15
Calculate 17 + -13 - 14 - 7.
-17
Evaluate (8 - -20) + -44 + 39.
23
Evaluate (35 - (54 + -15)) + (-1 - -6) + -1.
0
What is 15 - (62 + 1 + -18)?
-30
Calculate -1 - -8 - 3 - (33 - 40 - -32).
-21
Calculate (-7 - -11 - 0 - (8 + -1)) + -1.
-4
What is the value of 34 - 51 - (1 + 0 - 9)?
-9
Evaluate -4 + (-2 + -13 - -7).
-12
What is 14 + -14 - 32 - -13?
-19
Calculate 18 + (-3 + 7 + -8 + 0 - 3).
11
Calculate (23 - (20 + -39)) + (-16 - 0).
26
Calculate -17 - (-16 - -16 - (-1 + 6) - -3).
-15
Evaluate 2 - (8 - ((-4 - 3) + 19) - -4).
2
Evaluate 1 + (-2 - -1) + -12 + 72 + -72.
-12
Evaluate 17 + 24 + -25 - (3 + -1).
14
28 + (16 - 21) - 13
10
Evaluate 40 - (-6 + 15 + 12).
19
What is 3 - 3 - (-1 + 29 + -6 + -5)?
-17
Calculate (-26 - (-28 - -18)) + 4.
-12
Calculate (18 - (-2 + 10)) + -19.
-9
Calculate 15 - ((-58 - -12) + 34).
27
What is 1 + -15 - (-72 - -45)?
13
What is 1 + (8 - 12 - 3)?
-6
3 + -18 - -1 - -10
-4
-22 + -33 + 22 + 18
-15
Calculate 11 - (8 - 0) - -7.
10
What is -4 - (10 + -2 - 9)?
-3
11 - 0 - (-595 - -587)
19
Calculate 5 + -2 + -5 + 3 - -2.
3
What is the value of (24 - -1 - 44) + 4?
-15
Evaluate -14 - (34 - (34 + 27)).
13
What is 4 + -10 - 6 - -6?
-6
What is 2 - 6 - (2 + (2 - -3) - 5)?
-6
What is 0 + 8 + -39 + 19 + 3?
-9
What is 8 - ((-1 - -12 - 3) + 15)?
-15
Calculate -3 + (5 - -12 - (9 + (-12 - 7))).
24
What is the value of -2 + 1 + -3 + -2 + 13 + -17?
-10
Evaluate (10 - 12) + 10 + -6 + 15.
17
Evaluate (10 - (18 + -2)) + 17.
11
Evaluate -6 - (-1 - 14 - -4).
5
Calculate -4 - -32 - (85 - 87).
30
What is -2 + (0 - -1) - (129 + -132) - -20?
22
What is the value of -4 - ((8 - (2 + 4)) + -22)?
16
What is the value of -6 - -30 - 27 - (-6 - -1)?
2
What is the value of 165 + -158 + (1 - 0)?
8
(-29 - (0 - 0)) + (-13 - (-41 + 19))
-20
-15 + (9 - 2) - -6 - -10
8
Evaluate 5 - (8 + (-14 - -6)) - -8.
13
What is the value of 29 + -62 + 32 + 21?
20
What is 18 + 16 + -10 + 9 + -8?
25
Evaluate 17 - 6 - (51 + -12).
-28
Evaluate 4 - 10 - (7 - (-7 - -19)) - 22.
-23
-18 - (4 - 1 - (24 + -1 + -17))
-15
Calculate -2 + 1 + -6 + (743 - 735) - 1.
0
(32 + -47 - -25) + (2 - -9)
21
What is -8 + (1 - (-6 + (4 - 2) - -7))?
-10
-4 + -2 + 27 + (3 + -9 - 0)
15
What is the value of (-8 - (-55 + 28)) + -7?
12
What is the value of (-9 - -3) + 0 - (30 - 30)?
-6
What is (-47 - -20) + 31 - (-8 - 0)?
12
Evaluate (0 - 0) + (-2 - 1) - (17404 - 17445).
38
What is the value of -7 - (-5 - -7) - (-9 + -4 - 2)?
6
Calculate 4 + -19 + 17 + -8.
-6
-18 + (-20 + 1 - -46)
9
What is the value of 0 - 8 - (12 + 37 + -42)?
-15
9 - (2 + -21 - (-62 - -12))
-22
What is -24 + -3 + 52